e 3*l - 8 = -j + 3, j = 4*l - p. Suppose -l*u = -4*w - 2193 - 7720, -3*u + 3*w + 5946 = 0. Is u prime?
False
Let y(h) = 14085*h**2 - 3*h - 4. Let a be (-1)/(1*(2 + -1)). Let k be y(a). Suppose n + 3521 = f, -2*f - 2*f = -5*n - k. Is f a composite number?
True
Let w = -111 + 218. Let c = -257 - w. Is (-2 - c/8)*2 composite?
True
Let t(i) = -2*i + 14. Let z be t(6). Suppose 3*y + 2*n = -z, 12 = -0*n - 3*n. Suppose -103 = -c + y*o + 104, 4*o + 836 = 4*c. Is c a prime number?
True
Let l = -127827 + 226346. Is l prime?
True
Is (18/48 + 3220154/(-112))/(1 + -2) a composite number?
False
Suppose -2*z - 2 = t, 0 + 2 = -z - t. Suppose z = 6*m - 11*m + 50. Let k(n) = n**2 + 2*n + 7. Is k(m) composite?
False
Suppose -167*m + 172*m - 5*w = 237175, 3*m = w + 142311. Is m composite?
True
Let q be -76*37*-29 - (-88)/(-44). Suppose 146*d - 152*d = -q. Is d a prime number?
True
Is (-342502960)/(-424) + (-7)/(-1) prime?
True
Let j be (2/4 - 0)*2. Let q = j + -228. Let z = q + 388. Is z composite?
True
Let z(s) = -2*s**3 + 142*s**2 - 132*s - 25. Is z(67) a prime number?
True
Let r(x) = 2935*x**2 + x + 2. Let s be r(-1). Suppose s = 5*z - w, z = 4*z - 2*w - 1763. Is z composite?
False
Suppose -5*p + 592385 = -p + p. Is p composite?
True
Let p = -20209 + 57206. Is p a composite number?
False
Let v(l) = -377*l + 8. Suppose -4*q + 2*q = -2*y - 4, -5*q - 3*y + 50 = 0. Suppose -n + 4*n = 2*a - 11, 2*a = -3*n - q. Is v(n) a prime number?
False
Suppose -49*q = -81*q + 2564512. Is q prime?
True
Suppose 0 = 5*z - 5*y + 120, 84 = -z - 3*z - 2*y. Let w(t) be the first derivative of -3*t**2/2 + 25*t - 3. Is w(z) composite?
True
Let a(f) = 7*f - 37. Let p be a(6). Suppose -p*d - r + 16 = -2*r, d - r = 0. Suppose 2*v - 875 = -c - 4*c, -1777 = -d*v - c. Is v prime?
False
Let d(w) = 2*w**2 - 11*w - 1. Let y be d(6). Is (3 + -2)/((1 - y)/(-4196)) a prime number?
True
Let r = -91 + 82. Let g(v) = 2*v**2 - 93*v - 8. Is g(r) a composite number?
False
Is 180768854/833 - (2/6 + 10/105) a composite number?
True
Suppose 3*b - 414 = -3*l, 0 = -0*b - b + l + 136. Suppose 4*j = -b - 239. Is ((14*j)/(-1) - -3)*1 composite?
False
Let w = 88 + -80. Suppose -12 + w = -p. Is (p + 1 - -1640) + -3 composite?
True
Let x(r) be the third derivative of 67*r**5/60 + r**2. Let s = 3611 + -3610. Is x(s) a prime number?
True
Let o(s) = s**3 + 11*s**2 - 68. Let c be o(-9). Suppose 5*h = h - 2*k + 220, 3*k + c = 2*h. Is h prime?
True
Suppose -6*k + 866050 = -725768. Is k a prime number?
False
Let b be 3/((-3)/(-2)) + (3485 - -1). Suppose -b = 9*m - 17*m. Suppose -s - s = -m. Is s prime?
False
Suppose -22*h + 3*h - 45522 + 2205005 = 0. Is h a composite number?
False
Let u = 67 + -58. Let g be (-840)/(-135) - 2/u. Suppose -7647 = -5*o - 4*w, 0 = 3*w + g. Is o composite?
False
Suppose 89*x + 128862 = 83*x. Is (x/(-12))/(9/36) composite?
False
Suppose -45*c + 11*c = -161126. Is c a prime number?
False
Suppose -10*o = 3*o - 138060. Suppose 8*g - o - 14444 = 0. Is g composite?
True
Suppose 187184 = 23*k - 575519. Is k a prime number?
True
Suppose 3*h + 4*u = -43, u + 7 = h - 3*u. Is (21/35)/(h/(-105585)) prime?
True
Suppose 2*j + 292 - 42 = 0. Let p = -125 - j. Suppose c = 2*y - 5*y + 2242, p = -c + 3*y + 2248. Is c a composite number?
True
Suppose 3*w - 136725 + 21096 = 0. Is w composite?
False
Suppose 16*c = 24*c - 40. Let j(l) = 1024*l + 9. Is j(c) a prime number?
False
Suppose 0 = -11*m - 68264 + 1310527. Is m composite?
True
Suppose -4*v + 7*v = -5*s, -3*v = -2*s + 21. Suppose -s*g + 5*w = -357 - 52, 2*g + 3*w - 298 = 0. Is g a prime number?
False
Let z(h) = -55*h**2 + h + 9. Let r(x) = -111*x**2 + x + 19. Suppose -3*y - 17 - 18 = 5*f, -y = -2*f - 3. Let t(u) = y*z(u) + 2*r(u). Is t(-3) a prime number?
True
Let m(q) = -q**3 + 6*q**2 - 7*q + 10. Let g be m(5). Suppose -2*u - 6453 = -5*f - 4*u, -2*u - 2 = g. Is f composite?
False
Let f = 27 + -24. Let u be (-2 + f)*(-10 + 0). Is (-2)/u*-1317*-5 prime?
False
Let i(f) = -6*f - 48. Let g be i(-7). Is (43*g)/((-15)/40) - -3 a prime number?
True
Let o be 1347/(-6)*7/(7/2). Let d = o + 1066. Let t = d - 436. Is t composite?
False
Let x be (-3 - (-3 + 7)) + 35564. Suppose -44*f = 5*g - 40*f - x, -28446 = -4*g - 3*f. Is g a prime number?
False
Let n(p) = 10 + 7*p**2 - 6 + 562*p**3 - 564*p**3 + 2*p. Is n(-5) a composite number?
False
Let v be 3/(-2)*(-11 + (-808)/(-24)). Is (6/9)/(v/(-77673)) a composite number?
False
Let t(p) = 2*p**3 - 3*p**2 + 17*p + 18. Let i(x) = -25*x - 137. Let q be i(-6). Is t(q) prime?
False
Let a = 134 - 131. Suppose -a*f = -5*j - 55457, -15*f - 5*j = -11*f - 73896. Is f prime?
False
Let k be -1*((-4)/(-14) + (-42390)/42). Suppose 46*n + k = 47*n. Is n a composite number?
False
Let o(t) = t**2 + 14*t - 10. Let f = 112 + -127. Let b be o(f). Is 6/(-15) - (-5437)/b a prime number?
True
Suppose -606*i - 3132 = -603*i. Let p = -535 - i. Is p composite?
False
Suppose 0 = -2*u + 5*j + 2535 + 26287, 0 = 3*u - j - 43207. Is u a composite number?
False
Let m be (-1)/(-4) - 2890/8. Suppose -57*h = 425 + 3824 + 4301. Let u = h - m. Is u prime?
True
Let x = 49174 - -35653. Is x prime?
True
Suppose 1762*k - 1763*k + 2*o + 1357646 = 0, -3*k = -5*o - 4072938. Is k a prime number?
False
Is 58906/6 + 10/(-15) composite?
False
Let y be 448/12*(7 + -4). Suppose 446 = b + b. Let o = y + b. Is o composite?
True
Let w = 65451 - 43218. Is w prime?
False
Let f(h) = -h**2 + 12*h + 46. Let d be f(15). Let j(b) = 1758*b**3 + 4*b**2 - 3*b. Is j(d) composite?
False
Suppose -2*t + 5*y + 46 = -0*t, 3*y - 62 = -2*t. Let g = t - 32. Is (6 + -2180)*2/g prime?
True
Is -6 + (-5 + 4/20*14)*-128285 prime?
True
Let g be (-3)/(-12) + -4*38/(-32). Suppose -4*k - 4*f + 15216 = 0, 4*k - g*k - 5*f = -3800. Is k a prime number?
False
Let n = 81309 - 57028. Is n a prime number?
True
Let t(d) = 46464*d**3 - 3*d**2 + 40*d - 38. Is t(1) composite?
True
Let x(i) = -1164025*i + 726. Is x(-1) composite?
True
Suppose 2*u = -3*i + 36058, -2*i - 3*i - 72160 = -4*u. Is u composite?
True
Suppose 4*p = 10*p + 6*p - 3838344. Is p a composite number?
True
Suppose 0 = 17*k - 10*k + 8477. Let x = -582 - k. Is x composite?
True
Suppose 13882 + 18908 = r + b, -32798 = -r - 5*b. Suppose 0 = -43*p + r + 155251. Is p a composite number?
False
Suppose 163*g - 13525466 = 27*g + 8333678. Is g composite?
True
Suppose 2*r + 9 = a, a = -a + 2*r + 14. Suppose 13353 + 1839 = a*h + 3*k, 6075 = 2*h + 3*k. Is h prime?
False
Suppose -3*q - 2*o + 5 + 7 = 0, -2*o = -6. Suppose 12 = 3*r, 0 = -5*f + f - q*r + 1280. Suppose f = 3*a - 795. Is a a prime number?
False
Let g = -13820 + 45557. Let d = -19853 + g. Suppose -67*z - d = -71*z. Is z prime?
True
Let o = 58020 - 11635. Is o composite?
True
Let p = 35 - 34. Let y be (12/(-18))/(p/(-1143)). Let w = y - 181. Is w composite?
True
Suppose -9*s + 5*s + 137872 = 0. Let y be (-6)/(-18) - (-5)/(30/s). Let x = y - 4052. Is x prime?
True
Let o = 37009 - 10527. Is o a prime number?
False
Let c(y) = -10 + 84*y - 275*y + 1197*y. Let h be c(1). Suppose 0 = -4*r + t + 3606, 4*r - 5*t - 2618 - h = 0. Is r prime?
False
Let g(k) = k**3 - 6*k**2 - 17*k - 12. Let r be g(8). Let h(z) = 2*z**2 - 17*z + 11. Is h(r) prime?
True
Let t = 64298 - 38793. Suppose -3*b + 4*p - t = -67346, -4*p = 2*b - 27874. Is b a composite number?
True
Let j be 2 + -1 + 8/12*849. Let u = j + -342. Is (-4)/4*(2 - u) a composite number?
False
Let q(d) = 1122*d**3 + 11*d + 38. Is q(7) prime?
True
Suppose 180 = 7*v - 79. Suppose 7*l + 9 = v. Suppose -5*w + i + 4265 = -2*i, 4*i = -l*w + 3412. Is w a prime number?
True
Is (7 - (-12 - 659918))*((-10)/6 - -2) composite?
False
Let u(o) = -o**2 - 11*o + 45. Let i be u(4). Is 2 + 1 + -2 + (-10095)/i a composite number?
True
Suppose 4 = 3*n + 2*o, -3*n - 3*o - 28 = -7*n. Let t be n*((-55)/20 - -3). Suppose 0 = l - 381 - t. Is l a composite number?
True
Suppose 917*y - 940*y + 34742213 = 0. Is y a composite number?
True
Let s = 115 + -109. Suppose -4*d - 1260 = -s*d. Is d + 5/15*3 a prime number?
True
Is (-553302)/(-708)*2/(-9)*-597 prime?
False
Let i be 1/(78/(-12)) + (-791)/13. Let k = i + 139. Suppose 0 = -7*n + k + 2141. Is n composite?
False
Let x = 35965 + -15792. Is x composite?
False
Let f be (2 - 0) + (-1 - -2). Let l be (-12)/(-10)*f/(-6)*-835. Suppose -4*n - l 